uppose -2*k + 11*u - 17 = 12*u, 5*k + u = -38. What is the remainder when k/98*-484 + 8/(-14) is divided by t(-4)?
10
Let j(c) be the third derivative of 0 - 5/12*c**4 - c**3 - c**2 + 0*c. Calculate the remainder when j(-4) is divided by 12.
10
Let t be ((-6)/(-9))/((-6)/(-9)). Calculate the remainder when ((-1)/t)/((-4)/504) is divided by 32.
30
Suppose 2*i = i + 4*p - 2, i + 5 = 5*p. Calculate the remainder when 83 is divided by (44/i - (3 + -1))*5.
11
Let b be 0/3 + 2 + 30. Let c = 45 - b. What is the remainder when 50 is divided by c?
11
Suppose t = -3*a + 6 + 10, -t + 24 = 5*a. Suppose t*u - 28 = -3*l, 2*l = -u + 34 - 7. What is the remainder when 78 is divided by l?
14
Let x = -13 - -16. Let o be ((-8)/(-12) - -2)*x. Suppose 11*u - 45 = o*u. What is the remainder when u is divided by 9?
6
Let c = -935 - -955. Calculate the remainder when 50 is divided by c.
10
Suppose -4*b = -7*b + 105. What is the remainder when 169 is divided by b?
29
Let l = -125 + 290. Calculate the remainder when l is divided by 56.
53
Let z = 8 + -4. Let q(g) = -g**2 - 9*g - 5. Calculate the remainder when q(-3) is divided by z.
1
Suppose 0 = -5*m + 5*n + 345, 0 = m - 9*n + 7*n - 69. What is the remainder when 192 is divided by m?
54
Let k(j) = -j**3 + 14*j**2 - 8*j - 5. Let s be (5/(-10))/((-1)/26). Let z be k(s). Suppose -9*v + 5*v = -z. What is the remainder when 59 is divided by v?
14
Suppose -821 = -2*l - 809. Calculate the remainder when 16 is divided by l.
4
Let c = -49 + -753. What is the remainder when 2/(-3) + c/(-6) is divided by 34?
31
Let d(n) = -n**3 - 7*n**2 - 9*n - 11. Suppose j - 39 = -3*y, -2*y - 2*j + 7*j + 43 = 0. Calculate the remainder when d(-7) is divided by y.
10
Suppose 7*b - 12*b = 45. Suppose -4*u = q - 80, 0 = 3*u + 2*u - 3*q - 117. Calculate the remainder when u is divided by (-52)/b - (-5 - 43/(-9)).
3
Suppose 4*p - 2*b = 886, -2*p + 0*p + 5*b + 447 = 0. Suppose -s = 3*y - p, 0*y + 2*s - 367 = -5*y. Calculate the remainder when y is divided by 38.
37
Let j = 107 - 23. Suppose 0 = 79*w - j*w + 75. Calculate the remainder when 134 is divided by w.
14
Let a(v) = -4*v**2 - 4*v - 20. Let n(r) = r**2 + 1. Let w(y) = a(y) + 5*n(y). Calculate the remainder when w(-6) is divided by 12.
9
Let c(m) = 0*m + 0*m - 1 + 4*m - 3*m. Let a(r) = 5*r + 6. Let l(j) = a(j) + 6*c(j). Calculate the remainder when l(1) is divided by 6.
5
Let f = 37 - 37. Suppose f = 3*u - 2*b - 41, -2*u + b + 40 = u. What is the remainder when 23 is divided by u?
10
Let t = -120 + 174. Calculate the remainder when t is divided by (7/(-21))/(-1*2/84).
12
Suppose -5*n = -10, -3*j - 5*n + n + 20 = 0. Suppose -m - 106 = -6*m - 3*a, 12 = -j*a. What is the remainder when 111 is divided by m?
19
Suppose -16*b + 701 = -1363. Calculate the remainder when b is divided by 28.
17
What is the remainder when 760 is divided by 100 + 12 + (0 - 2)?
100
Let p(v) = -v**2 + 6*v + 9. Let h be p(7). Suppose -3*x = h*i - 115, 5 = 5*x - 4*x. What is the remainder when i is divided by 13?
11
Let z be 4/(8/3) - 2/(-4). What is the remainder when 7*1*z*(-18)/(-21) is divided by 5?
2
What is the remainder when -5*(13/((-325)/180) + 4) is divided by 5?
1
Suppose 18 = 2*l - 24. Suppose l + 162 = 3*r. Suppose -15 + r = y. Calculate the remainder when y is divided by 16.
14
Let z = -399 - -1764. Calculate the remainder when z is divided by 19.
16
Calculate the remainder when (36/(-24))/(7/3528*-4) is divided by -20*(1 + 22/(-10)).
21
Let y(a) = -15*a**3 - 2*a**2 + a + 2. Let i be y(-1). Suppose -i*k + 21 = -7*k. Calculate the remainder when k is divided by 3.
0
Let d = -808 + 824. Calculate the remainder when 95 is divided by d.
15
Let m = 29 - 77. Let u(z) = -5*z - 3. What is the remainder when 3/(3 + -6) - m is divided by u(-3)?
11
Let l(p) = -p**2 - 46*p - 290. Calculate the remainder when 15 is divided by l(-8).
1
Suppose -18 = x + 16. Let a = 7 - x. What is the remainder when a is divided by 6?
5
Calculate the remainder when (-1424)/(-40) + (-10)/(-25) is divided by 21.
15
Let h = 840 - 781. Calculate the remainder when 405 is divided by h.
51
Let j = 579 - 395. Let m = j - 77. What is the remainder when m is divided by 36?
35
Suppose 4*i + 2*g = 3*g, i - 5*g = 0. Suppose u + 3*u = 0. Suppose i = -u*x + 2*x - 8. What is the remainder when 15 is divided by x?
3
Let c = -3 + 1. Let x(v) = -v**3 - 13*v**2 - 2*v - 11. What is the remainder when -12*(c + 2/(-8)) is divided by x(-13)?
12
Let y(t) = -2*t. Let j be y(-2). Let q = -36 + 38. Suppose -d + j*l = -38, 4*l - 46 = -2*d + q*l. Calculate the remainder when d is divided by 14.
12
Let d(f) = f + 6. Let u = 2043 - 2040. Calculate the remainder when d(0) is divided by u.
0
Let v be 1 - 7 - 0/(-3). Calculate the remainder when (-194)/v + (-24)/(-36) is divided by 12.
9
What is the remainder when 1037/5 - (40/(-25) - -1) is divided by 19?
18
Suppose -2*m = -4*h + 1995 + 725, -4*h = -m - 2724. What is the remainder when h is divided by 43?
37
Suppose 312 = 2*o - 0. Suppose 0 = 6*b + 54 - o. What is the remainder when 67 is divided by b?
16
Let d(u) = -u**2 + 20*u + 20. Let i be d(10). Suppose 4*n - 2*q - 78 = 32, -4*n = -4*q - i. Calculate the remainder when n is divided by 3.
1
What is the remainder when 10 is divided by 400/(-240)*2*(-1 + -2)?
0
Let s = -257 - -361. Calculate the remainder when 518 is divided by s.
102
Let o(b) = 83*b - 115. Calculate the remainder when o(11) is divided by 50.
48
Let w = 31 - 31. Suppose 3*p - 5*j - 91 = w, -2*j = 5*p + 2*j - 127. Calculate the remainder when p is divided by 7.
6
Suppose 728 + 57 = 4*o - 5*u, o - 215 = -5*u. Calculate the remainder when o is divided by 34.
30
Suppose 46 = 11*r - 724. Calculate the remainder when r is divided by 18.
16
Suppose 2*x + 0*u - 8 = 4*u, -2*x + 2 = -2*u. Let r(q) = q**2 + 4*q - 12. What is the remainder when r(-10) is divided by (-102)/(-4) + x/4?
23
Suppose -j = -3*j - 88. Calculate the remainder when ((-132)/14)/(2/(-14)) is divided by (-3 + j/8)*-2.
15
What is the remainder when 13*-17*((-42)/6 + 6) is divided by 45?
41
Suppose -993 = -5*l + 2*d - 0*d, -2*l - 4*d = -402. Calculate the remainder when l is divided by 42.
31
Suppose 0 = -1124*s + 1145*s - 2604. What is the remainder when 866 is divided by s?
122
Suppose -r + 41 = 5*w, -6*w = -9*w + 9. What is the remainder when r is divided by 16?
10
Calculate the remainder when (-19)/(-9) - 2 - 665392/(-936) is divided by 65.
61
Let x be (-3)/15 + 6/5. Let d be ((-4)/(-4))/(x/(-4)). What is the remainder when d*(-3 - -2) + 0 is divided by 2?
0
Suppose 4*w - 1004 = -0*b - 2*b, 0 = -4*b - 3*w + 2028. Calculate the remainder when b is divided by 19.
16
Let u(x) = x**3 + 16*x**2 - 15*x + 65. What is the remainder when u(-17) is divided by 12?
7
Let x = 1881 - 1852. Calculate the remainder when 114 is divided by x.
27
Suppose -44*g = -106*g + 1612. Let w(z) = -8*z**3 - 2*z - 1. What is the remainder when g is divided by w(-1)?
8
Let u be 3616/28 + 1/(-7). Let q = -111 + u. Calculate the remainder when 47 is divided by q.
11
Let k = -222 - -543. What is the remainder when k is divided by 36?
33
Let t = -18 - -25. Let n(a) = -1294*a - 7734. What is the remainder when n(-6) is divided by t?
2
Suppose k + 4*a - 133 = -2*k, -5*k - 5*a + 215 = 0. What is the remainder when k is divided by 20?
19
Suppose 2*r + 456 = 1220. Calculate the remainder when r is divided by 97.
91
Suppose -5*i + 87 = -4*r, -2*i + 3*r = -0*i - 39. Suppose 2*o + o = i. What is the remainder when 312/18 + (-2)/6 is divided by o?
2
Let u(n) = n**3 - 14*n**2 - 10*n + 20. Calculate the remainder when u(15) is divided by 30.
5
Let f = 20 + -19. What is the remainder when 21*f + -18 + 16 is divided by 7?
5
Let r(x) = 6*x**2 - 24*x + 124. Calculate the remainder when r(4) is divided by 70.
54
Let w(o) = -2 + 8*o + 2 + 3*o**2 + 2 + o**2. Let r(n) = n**3 - 6*n**2 + 2*n - 3. What is the remainder when w(-4) is divided by r(6)?
7
Let s be 13/((7 + -3)/(-4)). What is the remainder when 21 is divided by (s - -3)*6/(-10)?
3
Let g be 2*((-78)/(-4) - (-26)/13). Suppose -g - 47 = -6*l. What is the remainder when 58 is divided by l?
13
Suppose -3*u + 32 + 22 = 0. Suppose j = -j + u. Let c = 363 + -358. Calculate the remainder when j is divided by c.
4
Let d(i) = -9 - 2 + 7*i - 24*i